 = 14 - o. Let w(q) = -q**3 - 4*q**2 - 3*q - 4. What is w(t)?
8
Let v(r) = r**2 + 7*r - 6. Let l be (-24)/9*(-3)/2. Suppose 0 = 5*t - l*t + 4, p - 17 = 2*t. Let q(g) = -3*g + 21. Let x be q(p). Give v(x).
-12
Let j(r) = -r**2 - 3*r + 2. Let i be j(-4). Let z = -3 - i. Let y(n) = n + 42*n**2 + 45*n**2 - 91*n**2. Calculate y(z).
-5
Let y(i) = -7*i**3 - i**2 + i - 1. Let n = 46 - 18. Let r = n - 23. Suppose -f + 6 = -r*d, 2*d = -5*f + 3*d + 6. Give y(f).
-8
Let z(v) be the third derivative of -v**5/60 + 5*v**4/24 + v**3/2 - 294*v**2. What is z(6)?
-3
Let f(m) = -9*m**3 - 6*m**2 + 2*m + 21. Let u(x) = 11*x**3 + 6*x**2 - 3*x - 23. Let i(h) = -6*f(h) - 5*u(h). Calculate i(6).
7
Let j(o) = 44*o + 31. Let l be j(-1). Let h(y) = y**3 + 12*y**2 - 15*y + 5. Determine h(l).
31
Let k(n) = -n**2 - n + 2 - 5 + 2*n. Let j = 853 - 853. What is k(j)?
-3
Let b(i) = 3*i**2 + 1. Let f(p) = -6*p**2 + p - 2. Let z(n) = -n - 12. Let x be z(-7). Let y(j) = x*b(j) - 2*f(j). Determine y(-1).
-2
Let q(m) = -2*m**2 + 4*m. Let y(o) = -4*o**2 + 9*o. Let v be (-1)/((-4)/(-14)) + (-6)/12. Let x(w) = v*y(w) + 9*q(w). Calculate x(2).
-8
Let v(l) be the second derivative of -1/6*l**3 + 3*l + 0*l**2 + 1/20*l**5 + 1/6*l**4 + 0. Give v(-2).
2
Let d be ((-2)/(-7) + 24/14)/1. Let x be 255/34 + d/(-4). Let z(y) = y**2 - 5*y - 4. Determine z(x).
10
Let w(p) = -p**2 - p + 1. Let a(c) = -5*c**2 - 5*c + 5. Let f(g) = 2*a(g) - 11*w(g). Give f(-3).
5
Let b = 19 - 7. Let a(i) = 4*i**2 + b*i**2 - 17*i**2. What is a(2)?
-4
Let k(o) = -16*o**2 + 24. Let t(j) = 3*j**2 - 5. Let r be ((-22)/6)/(((-10)/(-6))/(-5)). Let b(i) = r*t(i) + 2*k(i). What is b(5)?
18
Let g(o) = 14*o + 6. Let a(i) = 32*i + 11. Let j(r) = 4*a(r) - 9*g(r). Give j(7).
4
Let w(j) = -j + 1. Suppose -5*s - 13 = 2, 5*s - 430 = -5*i. Let v = -95 + i. Calculate w(v).
7
Let t(p) be the first derivative of p**3/3 - p**2/2 + 2*p + 2. Let g(f) = f**3 + 6*f**2 + 6*f + 1. Let j be g(-4). Suppose -j = k - 7. Determine t(k).
8
Suppose 2*b = -4*q + 16, 3*q - 40 = -q + 4*b. Suppose 0 = 3*a - 6*a + q. Let x(r) = -17 + 9*r - 8*r + 14 + 6 - 2*r. Determine x(a).
1
Let q(k) be the first derivative of -3*k**2/2 + k + 24. Determine q(6).
-17
Let u(i) = 20*i - 25. Let j(v) = 7*v - 9. Let t(l) = 17*j(l) - 6*u(l). Determine t(-2).
-1
Let n(k) = -k + 11. Suppose 4*r = -5*p + 50, -51*p + 30 = 4*r - 56*p. Determine n(r).
1
Let q(j) = 7*j**2 + 20*j - 4. Let k be q(-11). Let o(u) = -4*u**3 + 3*u**3 + 4*u**2 + k*u - 2 - 614*u. Give o(6).
-20
Suppose j - 32 = -3*b, 0*b - b = 2*j - 4. Let d(m) = -m**3 + 13*m**2 - 12*m + 1. Determine d(b).
1
Suppose -6*g = -10*g - w + 13, -11 = g + 5*w. Let l(v) = -v**3 + 4*v**2 - 2. Give l(g).
-2
Let d be (-38)/(-14) - (-8)/28. Let w(b) = b - b**2 - 2 + 6*b - d*b - 1. Let c(j) = j**2 - 27*j + 74. Let r be c(24). What is w(r)?
1
Let f be (5*(-3)/(-15))/((-1)/(-5)). Let z(k) be the first derivative of -2*k**2 + 1/3*k**3 + k + 4. Give z(f).
6
Suppose 4*o = -2*s + 24, 10*o - 9*o = -2*s + 18. Let l(q) = -2*q + 7. Calculate l(s).
-9
Let s(q) = -q**3 + q**2 + 2*q - 1. Let n(a) = 3*a**2 + 4*a. Let u(b) = 2*n(b) - 2*s(b). Give u(-2).
-6
Let c(p) = p**3 - 9*p**2 - 2*p + 12. Let d be c(9). Let j = d - -9. Let k(l) = 4*l**2 + 0*l**3 - 3*l - 8*l**2 - l**j - 1 + l. What is k(-3)?
-4
Let v(d) = d**3 - 3*d + 1. Let y(s) = -s**2 + 2*s + 7. Let c be y(3). Suppose -3*q - 8 = -c*a + 2, 5*q = 5*a - 10. Calculate v(q).
3
Let j(g) = -6*g**3 + g**2 + g - 1. Let m = 82 + -81. Calculate j(m).
-5
Let l(w) be the third derivative of -1/60*w**5 - 6*w**2 + 0 + 0*w - 1/24*w**4 - 3/2*w**3. Calculate l(0).
-9
Let r be (-2)/(-2)*21/(-35)*-15. Let h = r - 7. Let q(v) = 2*v + 2. Determine q(h).
6
Let t(z) = 20 - 57*z**2 - z - 3*z**3 + 8*z + 47*z**2 + 4*z**3. What is t(9)?
2
Let i(q) = -4*q**2 + 3 + 1 + 18*q**3 - 17*q**3. Suppose 14*k + 6 = 15*k. Suppose -c + k = 3. Give i(c).
-5
Let q(a) = 10*a + 7*a - 17*a - a**2. Let j(s) = s. Let g(o) = -3*j(o) + q(o). Suppose 15 = -l - 4*l. What is g(l)?
0
Let k(z) = -z**3 - 3*z**2 - 2*z - 4. Let b = -78 + 74. What is k(b)?
20
Let d(r) = -r - 1. Let k be (-2)/5*(-2 + 7). Let h(x) = x + 5. Let w = 46 - 47. Let l(s) = k*d(s) + w*h(s). What is l(-3)?
-6
Let z be -1*(-2*29)/(-2). Let x = z + 21. Let j(w) = 3*w - 13. Let l(u) = 2*u - 9. Let k(a) = x*l(a) + 5*j(a). Determine k(4).
3
Suppose 0 = 2*n + 2, 3*g = -0*g - n + 5. Let m(j) = -6 + 7 + g*j - 3*j + 0*j. Suppose 2*p - 9 = 5*p. Determine m(p).
4
Let y(o) = o**3 - 5*o**2 - 6*o + 5. Let t(q) = 2*q + 38. Let n be 114/(-2)*1/3 + 3. Let g be t(n). Give y(g).
5
Let f(n) = n**3 + 9*n**2 + 5*n + 4. Suppose -29*l + 207 = -52*l. What is f(l)?
-41
Let b(z) = -9*z + 22. Let h(a) = 12*a - 33. Let k(y) = -7*b(y) - 5*h(y). Give k(-6).
-7
Let z be (0 - 5)/(0 - 1). Suppose -7 + 27 = z*k. Let m(q) = 0*q + 2 + 3*q - 793*q**2 + 792*q**2. What is m(k)?
-2
Suppose 22*h - 8*h = 42. Let q(m) = m**3 - m**2 - m. Let i(j) = 2*j**3 - 2*j**2 - 3*j + 1. Let t(y) = -3*i(y) + 5*q(y). Give t(h).
-9
Let l(w) be the second derivative of -w**4/12 - w**3 + 9*w**2/2 + 18*w. Give l(-8).
-7
Let d(p) be the second derivative of 1/2*p**2 + 1/3*p**4 - 8 + 1/6*p**3 + 4*p. Calculate d(-1).
4
Suppose 0 = t + 36 - 38. Let z(f) = t*f - 4*f - f**2 + 3 + f**2 - f**2. Suppose -2 = 2*o - 3*o. What is z(o)?
-5
Suppose 0 = -b + 3 + 2. Suppose b*r - x = 43, -5*r - 4*x - 6 + 34 = 0. Let j be (-2 - 1) + (6 - r). Let q(o) = o**3 + 5*o**2 + 2*o + 5. What is q(j)?
-5
Let d(b) = 0 - 1 + 15*b**3 - 3 + 6*b + 6 - 7*b**2 - 14*b**3. Give d(5).
-18
Let n(v) = -v**2 - 7*v - 9. Let y be (-2)/(16/50) + 24/(-32). Determine n(y).
-9
Let v(i) = -i**3 - 8*i**2 + 2*i + 26. Let t be v(-9). Let p(g) = t*g - 89*g - g**2 - 1. Determine p(1).
-2
Let g(a) be the first derivative of -a**5/20 - a**4/12 + 5*a**3/6 + 3*a**2/2 - 3*a - 13. Let v(o) be the first derivative of g(o). Calculate v(-3).
6
Let j(r) = r**3 + r**2 + 2. Let c(o) = -3*o**3 + 3*o - 4. Let f(l) = c(l) + 4*j(l). Suppose 9 = -5*m - 6. What is f(m)?
4
Let l(a) = -11*a**2 - 12*a + 15. Suppose 0 = 3*i - 2*i - 2*x + 8, 0 = -x + 5. Let m(u) = 8*u - 7 - 1 + 1 - 3 + 7*u**i. Let n(f) = 5*l(f) + 8*m(f). Give n(-5).
0
Let d(c) be the first derivative of c**2 - c - 11. Suppose o = -0*o - 4. What is d(o)?
-9
Suppose -175 = 8*f - 175. Let v(q) = q**3 + 2*q + 3. Determine v(f).
3
Let n(r) = 5*r**2 - 5*r - 8. Let t(x) = -4*x**2 + 4*x + 6. Let h(w) = -5*n(w) - 6*t(w). What is h(5)?
-16
Suppose o - 2*k = -9, 0 = o - k + 5 + 3. Let p(j) = j**3 + 7*j**2 + 3*j - 1. Calculate p(o).
-22
Let u(v) = 2*v + 3*v + v - 8 - v - 4*v. What is u(-3)?
-11
Let w(c) = -c**2 - 3*c - 4. Let l(s) = s**3 + 2*s**2 - 5*s - 2. Let j be l(-3). Suppose j*y - y = -15. Determine w(y).
-14
Let n(w) = 5*w. Suppose -24 = 2*r - 16*v + 20*v, -30 = 5*r + 4*v. Calculate n(r).
-10
Let k(q) = -14 + 0*q + 19 - 6*q + 4*q - 15. Determine k(-12).
14
Let y = -19 - -34. Suppose y*a = 18*a + 9. Let t(p) = 2*p**3 + 3*p**2 - 2*p - 2. What is t(a)?
-23
Let a = -105 + 699. Let c be (a/15)/(-9) - 2/(-5). Let v(x) = x**3 + 4*x**2 + 2*x + 6. Give v(c).
-2
Let x(p) = 11*p - 26*p + 8*p + 8*p + 4 + 0. Give x(0).
4
Let y(t) = 37*t**3 - 7*t**2 + t - 6. Let n(b) = 35*b**3 - 6*b**2 + b - 5. Let x(k) = 7*n(k) - 6*y(k). What is x(-1)?
-23
Let b be (8/(-10))/((-2)/(-15)). Let h(w) be the first derivative of 3*w**2 - 10 + 1/3*w**3 + 8*w. Determine h(b).
8
Let d(h) = h**3 - 7*h**2 + 3*h - 7. Let z(p) = -p**3 - 19*p**2 - 16*p + 43. Let q be z(-18). Determine d(q).
14
Let w(y) be the third derivative of -1/60*y**5 - 1/3*y**3 + 0 + 0*y + 1/24*y**4 - 10*y**2. Let u be -1*(-1 + (-1)/(-1)). Determine w(u).
-2
Let k(y) = y + 17. Let h(b) = 4*b + 49. Let d(x) = 2*h(x) - 7*k(x). What is d(26)?
5
Let s(m) be the third derivative of 3/8*m**4 + 0 - 13*m**2 + 1/120*m**5 + 2/3*m**3 + 0*m. Let u(i) be the first derivative of s(i). Determine u(-4).
5
Let x(s) = s**3 - 4*s**2 - 6*s. Let p be x(5). Let m = p + 10. Let z(o) = -3*o + 13. Let g(r) = -r + 4. Let j(l) = 4*g(l) - z(l). Determine j(m).
-2
Let l(c) be the second derivative of c**3 + 963*c. Suppose -5*n = -2*n. Let t = n - 1. What is l(t)?
-6
Let o be 1 + (-2 - (-4)/(-2)). Let m(k) = -9 + 6*k**2 - 3*k + 0*k - 4*k**2. Let l(p) = -2*p**2 + 2*p + 8. Let x(j) = -6*l(j) - 5*m(j). Determine x(o).
6
Let r(c) be the second derivative o